Suppose t = 3*r - 3*l - 333, r = -r - l + 228. Is r a composite number?
False
Let j = 19158 - -26213. Is j composite?
True
Let k(v) = -1123*v - 8. Is k(-7) prime?
True
Is (110400/9 + -2)/(58/87) prime?
True
Let j(i) = -5*i**3 + i**2 + 6*i - 6. Let m be j(5). Let d = -246 - m. Let l = 823 - d. Is l prime?
False
Suppose -9*g + 1191 + 30210 = 0. Is g composite?
True
Let c = 38972 + -16878. Is c prime?
False
Suppose 9*q - 10*q - 5*u + 10018 = 0, 3*q + u = 30096. Is q prime?
False
Let v(z) = 1684*z + 3. Is v(10) prime?
True
Let w be (4626/4)/((-24)/(-224)). Suppose 3*j - w = -5*t, t + 3*j = 1054 + 1112. Suppose -f + 4*f = t. Is f a prime number?
True
Suppose 0 = 7*w - 26 + 5. Let p be 12*(-3 + (-40)/w). Let m = p - -407. Is m composite?
False
Is (12130/(-10) + -9)*3/(-6) a composite number?
True
Let b(l) = -960*l + 35. Let r be b(12). Is 2/(-4) + (r/(-10) - -3) prime?
True
Let y(o) = 507*o**3 - 3*o**2 + o. Let x be y(1). Let f = 834 - x. Is f composite?
True
Suppose 712 = -2*d + 4*s, 0*d + 1023 = -3*d - 3*s. Let a = -183 - d. Is a prime?
True
Suppose -3*l + 6*l - 105 = 0. Suppose -l = 6*m + 25. Let f(c) = -c + 11. Is f(m) composite?
True
Let l(z) = 78*z - 35. Is l(23) a composite number?
False
Suppose 0 = -13*c + 9*c. Suppose c = -4*v + 75 + 1037. Is v prime?
False
Let o = -9357 + 21244. Is o prime?
True
Let g(a) = -a + 19. Let w(b) = b**3 - 14*b**2 - 15*b - 11. Let u be w(15). Let z be g(u). Let q = 52 - z. Is q prime?
False
Is -16*1520/(-6) + 8/12 a prime number?
False
Let r be -21412*1/2*-1. Suppose -2904 = -10*q + r. Is q prime?
True
Suppose 0 = 3*d - 5*n + 26, 4*d - 3*n = d - 18. Is d/(-6) - (-2630)/3 composite?
False
Suppose 0 = -2*m + 173870 - 50592. Is m a prime number?
False
Is 14788 - ((-4)/(-1) - -1) composite?
False
Let l(s) = -s**2 - 4*s - 1. Let g be l(-3). Suppose -g*c - 13 - 16 = -j, 2*j - 2*c = 48. Is j/2 + (-9)/(-18) a composite number?
True
Let p(a) = -13*a + 3. Let h be p(7). Let d = -165 - h. Let n = 174 - d. Is n a composite number?
False
Let b(i) = -i**3 - 19*i**2 + 19*i - 16. Let d be b(-20). Suppose -4*u + d*o + 909 = -u, 3*u = 5*o + 906. Is u prime?
True
Suppose 2*c - 52968 = 5*z - 10*z, 2*z + 26493 = c. Is c composite?
False
Let o be 28/(-3)*(-9)/2. Suppose -k - 4*s = -0*k - o, 0 = s - 1. Suppose 0*q - k = -2*q. Is q a prime number?
True
Suppose 0 = -7*g + 15*g - 11464. Let d = g + -700. Is d prime?
True
Let r = -14 + 16. Suppose -97 = r*j - 17. Let u = j - -75. Is u composite?
True
Let v be (-7 + 7 - 1) + (-64)/(-1). Let s = 178 - v. Is s composite?
True
Let d(x) = 28*x**2 - 6*x - 1. Suppose -5*i - 11 = 2*v - 0*v, 4*i + 16 = -4*v. Is d(v) a prime number?
True
Suppose 0 = 4*g - 20 + 12. Let u(y) = 8 + 1 + 0*y - y**g - 15*y. Is u(-7) a prime number?
False
Suppose 0 = -5*r + 2*s + 242, 4*s = 2*r - s - 80. Is (-4)/10 + 60970/r a composite number?
True
Let q(p) = p**3 + p**2 + p. Let d be q(3). Is -3*2/4*(-572)/d prime?
False
Let h(v) = 13*v**3 + 25*v**2 - 155*v + 12. Is h(14) a prime number?
False
Suppose 2*i + 117 = -67. Let f be i/(-22) - 12/66. Suppose -5*k + 417 = -0*k + 2*g, 3*k - 239 = -f*g. Is k prime?
False
Suppose -4*j + 8*j = 0. Suppose -10300 = -5*c + 2*f, -3*c - 3*f + 6201 = -j*c. Is c a prime number?
False
Let w(t) = -t**2 + 2*t - 1. Let x be w(3). Let k be 22/(x*3/(-330)). Suppose -k = -b - 4*b. Is b a composite number?
True
Suppose 2*a + 3*b - 22 = 0, -2*a - 3*a - 3*b = -64. Is (-6)/21 - (-5562)/a a composite number?
False
Let s(h) = -h**3 - 9*h**2 + 2*h + 3. Let t be s(-9). Let g = -18 - t. Is 140 - (-4)/(12/g) composite?
False
Let x(g) = 25 - 10*g + 20*g + 8 + 6*g**2 - 8. Is x(18) composite?
True
Let d = 5565 - 3872. Is d a prime number?
True
Let p be -5*((2 - 0/3) + -3). Suppose z - 6801 = -p*i + 3*z, 5*z = 10. Is i composite?
False
Suppose -10*n = -15*n + 14495. Is n composite?
True
Suppose -41*s = -38*s - 3*g - 24168, -2*g = -s + 8059. Is s prime?
True
Is ((-24)/18)/((-7)/(3325518/24)) prime?
True
Let i = 1167 - 586. Is i a prime number?
False
Let q = 32 + -12. Suppose 0 = -2*w - 2*f - q, 5*w = 3*f + f - 23. Let o = 30 + w. Is o a prime number?
True
Let f(b) = 9*b**2 + 8*b + 19. Let j(y) = -8*y**2 - 7*y - 20. Let t(p) = 6*f(p) + 5*j(p). Is t(-11) composite?
True
Let a be 3*-5*12/18. Let v be (a + 5)*(-1)/1. Suppose j - 3*j + 382 = 2*f, 2*f + 955 = v*j. Is j a prime number?
True
Is (1 - (-68500 + -8))*(-1 + 2) prime?
False
Let q be (-3)/(16/(-12) + 1). Let h = q + -12. Is (-1)/((-3)/(-2655)*h) prime?
False
Let o(w) = -11*w**3 + 7*w + 3. Let l(x) = x**2 - 8*x - 37. Let v be l(11). Is o(v) a prime number?
False
Suppose 0 = -5*t - 4*c + 19689, -4*c - 10577 = -2*t - 2707. Is t a composite number?
True
Let n = -43489 + 63650. Is n prime?
True
Let z = -29 - -43. Let j = 60 - z. Is j a prime number?
False
Suppose 3*z - 518 = 244. Is z composite?
True
Is 5 - (9 + (-106323)/7) a composite number?
True
Let o = 1506 + -617. Is o a composite number?
True
Let t be (-2)/8 + 105/20. Suppose g - 2*w - 1457 = -16, -2*g + 2864 = t*w. Is g a composite number?
True
Let v(c) = -2*c + 337. Let x(f) = 0*f - 129 - 545 + 0*f + 4*f. Let r(s) = 7*v(s) + 3*x(s). Is r(0) composite?
False
Let d = -50 - -51. Let r(v) = 144*v**3 - 5*v**2 - v + 6. Let c(z) = -143*z**3 + 6*z**2 + z - 7. Let m(g) = 5*c(g) + 6*r(g). Is m(d) a composite number?
False
Let t(a) = 64*a**2 + 24*a + 175. Is t(-23) a composite number?
False
Let k be (-12)/9*(-18)/(-3). Let q(t) = t**3 + 9*t**2 - 2*t + 7. Let f(z) = -z**3 - 9*z**2 + z - 7. Let g(x) = 5*f(x) + 6*q(x). Is g(k) prime?
True
Suppose 0 = -13*u + 21*u - 67976. Is u a composite number?
True
Suppose -13*u + 58744 = -5*u. Is u composite?
True
Suppose 0 = 3*t - 0*v + 2*v - 8519, -v + 5679 = 2*t. Is t prime?
False
Suppose 0 = g - 3*g. Suppose g = 2*f + f. Suppose 0 = -3*j - 2*d + 397, -137 = -j - f*d - 3*d. Is j prime?
True
Let t be 175/(-10) + 1/2. Let u = 20 + t. Suppose -8*g = -u*g - 3755. Is g composite?
False
Let i(v) = -3*v**3 - 13*v**2 - 15*v - 97. Is i(-18) prime?
True
Let w = 10069 + 5490. Is w a prime number?
True
Let c(s) = -39*s - 1. Let u be c(-3). Suppose 909 - 213 = 8*q. Let n = u + q. Is n prime?
False
Suppose -5*z + 33 = -2. Suppose -2*w + 17 = 4*f - z*f, -2*w - 4 = 4*f. Is ((-658)/(-4))/(w/8) a composite number?
True
Suppose 3*t + 15276 = 3*x, -4*x - 13*t + 16*t + 20363 = 0. Is x prime?
True
Let j be 1/((6/(-8))/((-21)/7)). Suppose 2*i + 181 = w + 6*i, 2*w - j*i = 374. Is w a composite number?
True
Let u(t) = -1546*t - 3. Is u(-1) a composite number?
False
Let b = -6 + 4. Is b/((-8)/(-3)) + 130870/40 composite?
False
Let o(c) = 184*c**3 - 10 - c + 0 - 178*c**3. Is o(3) prime?
True
Let g(o) = -3*o - 16. Let z be g(-7). Suppose z*a - 2*a = 18. Suppose 3*y = -k + 552, 2*k + 561 = -3*y + a*y. Is y prime?
False
Let q be ((-1)/3)/(6/126*7). Is (q*(-2)/(-4))/((-2)/7132) a prime number?
True
Let s be 5322/(-9)*(-2 - 2/(-4)). Let d be (-1525)/3 + (-2)/(-6). Let p = s + d. Is p a prime number?
True
Is (35/(-14))/(60/(-192216)) a composite number?
False
Let n(p) = 2*p**3 - p**2 - p + 3. Let u be n(0). Suppose u*m = 5*z - 1043, 0 = -z + 2*m + 112 + 91. Let a = -114 + z. Is a prime?
True
Let v = -1882 - -17429. Is v a composite number?
True
Let j = 1167 + -80. Is j a prime number?
True
Suppose -16*y + 8*y + 79736 = 0. Is y a composite number?
False
Suppose 0 = 2*c - 3*t - 989, 4*c - 4*t = 874 + 1110. Let p = c - 176. Is p composite?
True
Let q(j) = -24*j**3 + j**2 + 4*j + 7. Let v = 54 + -58. Is q(v) a composite number?
False
Suppose -1171 - 620 = -3*d. Let f = d + -304. Is f a composite number?
False
Suppose 27672 + 119969 = 13*o. Is o composite?
True
Suppose 0 = 3*z + j - 3, 6*z + 4*j - 12 = 3*z. Suppose -3*y + y + 282 = z. Is y a composite number?
True
Suppose -83*j - 141046 + 1257479 = 0. Is j composite?
False
Let g be ((-3)/4)/((-27)/72). Suppose -84 = g*o - 352. Is o composite?
True
Let a(s) = 43*s**2 - 6*s - 27. Let q be a(-4). Let x = 983 - q. Is x a composite number?
True
Let y(n) = -n - 1. Let s be y(-8). Let i(q) = 4*q**3 - q**2 - 13*q - 8. Let a be i(s). Let b = a - 671. Is b a prime number?
False
Let k(v) = 23*v**2 + 19*v - 103. Is k(6) a prime number?
True
Let f = -1707 - -3785. Is f composite?
True
Let c(o) = -o**2 + 13*o. Let s be c(15). Is 4/(-6)*269145/s composite?
False
Let m(h) = -